*t - 136. Determine x(-8).
-56
Let q(l) = -11*l**2 + 925*l - 14689. Give q(21).
-115
Let y(o) = o**3 + 52*o**2 + 529*o - 3427. Give y(-24).
5
Let m(w) = -2041*w + 830689. What is m(407)?
2
Let r(n) = -n**3 - 160*n**2 + 797*n - 1932. Give r(-165).
2688
Let a(b) = 11905*b - 285723. What is a(24)?
-3
Let j(f) = -f**3 + 42*f**2 + 410*f - 22957. What is j(35)?
-32
Let g(s) = 129*s**2 + 78282*s - 12741. Calculate g(-607).
6
Let t(u) = 185*u**2 + 9835*u + 1711. Give t(-53).
121
Let n(j) = 8546*j - 25423. What is n(3)?
215
Let m(q) = q**3 - 265*q**2 + 488*q + 10072. What is m(263)?
78
Let t(o) = -5*o**2 - 793*o + 7807. Determine t(10).
-623
Let v(i) = -7496*i + 9408. Calculate v(1).
1912
Let q(p) = p**3 - 51*p**2 + 428*p - 746. Calculate q(41).
-8
Let h(p) = 11*p**2 - 130*p + 317. Calculate h(5).
-58
Let k(u) = u**2 - 73*u + 116. Determine k(60).
-664
Let f(l) = -57*l**3 + 8878*l**2 + 2181*l + 480. Give f(156).
12
Let g(h) = h**2 + 597639*h + 7171498. What is g(-12)?
-26
Let f(d) = 146*d**2 - 16354*d + 222. Determine f(112).
-2
Let z(i) = -1169*i**2 - 2315*i - 1. Determine z(-2).
-47
Let o(x) = -x**3 + 31*x**2 + 122*x + 5433. Give o(38).
-39
Let v(a) = -361*a + 17206. Determine v(47).
239
Let i(x) = 1198*x + 89687. What is i(-75)?
-163
Let u(p) = p**2 + 101*p + 3472. Give u(-57).
964
Let m(o) = 40*o**3 - 2*o**2 + 84*o - 245. Calculate m(3).
1069
Let g(c) = -9173*c - 422627. Give g(-46).
-669
Let h(a) = 684*a - 3874. Determine h(7).
914
Let n(f) = 86*f**2 - 183*f - 168. Give n(5).
1067
Let z(h) = h**2 - 3483057*h - 24381443. Give z(-7).
5
Let d(v) = 171*v**2 + 6671*v + 123. Determine d(-39).
45
Let t(h) = 1063*h - 8332. Calculate t(8).
172
Let k(q) = 9*q**3 + 560*q**2 + 109*q - 920. Give k(-62).
10
Let n(g) = -7*g**2 + 95*g + 3444. Give n(30).
-6
Let n(o) = 1168*o**2 - 74718*o - 2169. Give n(64).
7
Let w(v) = -v**2 + 15318*v + 61282. Determine w(-4).
-6
Let n(a) = 107*a**2 - 810*a + 44. Give n(8).
412
Let r(w) = -5540*w + 2083018. Give r(376).
-22
Let l(j) = -6*j**3 - 50*j**2 + 365*j + 2506. Give l(-7).
-441
Let y(x) = -1474*x - 1214. Determine y(1).
-2688
Let k(r) = 2*r**2 - 13*r - 874529. Determine k(-658).
-47
Let r(b) = 118*b + 1394. What is r(-10)?
214
Let j(w) = 2*w**3 - 126*w**2 - 203*w + 4778. Determine j(64).
-22
Let n(y) = 25*y**2 - 883*y + 1094. Calculate n(34).
-28
Let y(s) = -2*s**2 - 1033*s - 63671. Determine y(-445).
-36
Let u(t) = -40354*t - 242605. Give u(-6).
-481
Let y(x) = -9*x**2 - 2124*x - 10408. What is y(-231)?
-13
Let h(a) = -992*a**2 - 250977*a - 328. Calculate h(-253).
-75
Let s(u) = 1836*u**2 - 69775*u + 36. What is s(38)?
-230
Let d(q) = -18*q**3 + 144*q**2 - 172*q + 1384. Give d(8).
8
Let o(r) = r**3 - 5*r**2 - 3098*r + 15552. Give o(5).
62
Let x(q) = -2*q**2 - 15*q - 56. Calculate x(-6).
-38
Let x(m) = -25*m**2 - 626*m + 4771. Determine x(9).
-2888
Let a(f) = -f**2 - 834*f + 20494. Calculate a(24).
-98
Let o(p) = -19*p**2 + 4*p - 16. Give o(7).
-919
Let t(x) = -5*x**2 - 368*x - 2039. Give t(-6).
-11
Let v(a) = -2*a**2 + 154*a - 2895. Determine v(49).
-151
Let k(g) = 539*g - 109235. Give k(201).
-896
Let b(o) = o**3 + 26*o**2 - 81*o - 988. Determine b(-27).
470
Let s(d) = 15*d**2 + 466*d + 478. Give s(-1).
27
Let s(t) = 19*t**2 - 25*t + 266. Determine s(7).
1022
Let a(n) = n**2 + 78*n - 1811. What is a(23)?
512
Let z(c) = -4*c**2 + 780*c + 23018. Determine z(-26).
34
Let i(r) = 419*r - 96838. Calculate i(231).
-49
Let n(u) = -39*u**2 + 2716*u - 2714. What is n(1)?
-37
Let w(i) = -2251*i - 362389. What is w(-161)?
22
Let o(m) = 2307*m + 11540. Give o(-5).
5
Let x(g) = -g**2 - 1226*g - 253251. Determine x(-263).
18
Let t(b) = b**3 - 19*b**2 - 14*b - 1897. Determine t(23).
-103
Let h(s) = 210*s**2 + 1015*s + 1007. What is h(-1)?
202
Let p(a) = a**3 - 84*a**2 + 1662*a - 958. Calculate p(53).
49
Let k(g) = -74*g**2 + 9964*g - 57120. Give k(6).
0
Let u(x) = -1449*x**2 - 15894*x + 391. Calculate u(-11).
-104
Let n(z) = 9327*z + 102578. Give n(-11).
-19
Let p(v) = -101231*v + 506174. Give p(5).
19
Let f(s) = 29*s**2 + 242*s - 45. What is f(-10)?
435
Let y(d) = -d**2 + 202*d + 7420. What is y(-32)?
-68
Let z(s) = -s**3 - 51*s**2 - 29*s - 1405. What is z(-51)?
74
Let y(b) = 21*b**2 - 1534*b - 7923. Calculate y(-5).
272
Let s(w) = -108079*w + 108078. What is s(1)?
-1
Let x(n) = -1877*n - 30006. Calculate x(-16).
26
Let t(y) = y**3 - 117*y**2 - 934*y + 24110. Calculate t(123).
2
Let n(z) = -338*z - 1652. Calculate n(-1).
-1314
Let y(k) = k**2 + 457*k - 66498. Give y(116).
-30
Let a(c) = -c**3 + 28*c**2 - 76*c + 604. Calculate a(26).
-20
Let d(t) = -2*t**2 - 1052*t - 22233. What is d(-22)?
-57
Let a(d) = 590*d**2 - 45*d + 2. What is a(-1)?
637
Let x(p) = -3*p**3 + 175*p**2 - 2350*p - 675. Calculate x(37).
-9
Let s(k) = k**3 + 72*k**2 + 1160*k - 646. Determine s(-47).
59
Let c(v) = 5090*v - 2799505. Calculate c(550).
-5
Let l(k) = -28790*k - 117434. Give l(-4).
-2274
Let s(a) = 181*a + 1771. What is s(-8)?
323
Let s(r) = -18269*r + 420316. Give s(23).
129
Let c(h) = 834*h - 6549. What is c(8)?
123
Let v(q) = -567*q - 54159. Calculate v(-97).
840
Let b(n) = n**2 + 56661*n + 2887112. Give b(-51).
2
Let r(x) = x**3 + 34*x**2 - 28*x - 2954. Determine r(-32).
-10
Let u(t) = 45*t + 8017. Determine u(-73).
4732
Let b(d) = -d**3 - 8*d**2 + 378*d + 795. Give b(17).
-4
Let g(x) = x**2 + 10348*x - 519987. What is g(50)?
-87
Let s(i) = 2950*i + 377610. Give s(-128).
10
Let z(t) = 257*t**2 + 11569*t - 21. What is z(-45)?
-201
Let l(i) = 282*i**2 - 2758*i - 5513. What is l(-2)?
1131
Let s(c) = 62*c + 3882. Calculate s(-66).
-210
Let m(i) = -i**3 - 24*i**2 - 100*i - 365. Calculate m(-21).
412
Let l(v) = v**3 - 10*v**2 + 2*v - 549. What is l(13)?
-16
Let y(d) = -18*d**2 - 29*d - 24. Determine y(-9).
-1221
Let o(w) = 10750*w + 139480. Give o(-13).
-270
Let u(z) = z**3 + z**2 - 23*z - 15. Determine u(-10).
-685
Let v(d) = d**3 + 250*d**2 + 247*d + 61724. Give v(-250).
-26
Let q(b) = 2*b**2 - 207*b + 1113. Give q(5).
128
Let h(o) = -81201*o + 43604930. Determine h(537).
-7
Let w(l) = 1712*l - 5374. Give w(3).
-238
Let t(j) = 2*j**3 + 717*j**2 - 10046*j - 882. What is t(-372)?
-138
Let j(d) = -268*d**2 + 78*d - 165. Determine j(2).
-1081
Let b(g) = 2*g**3 + 3*g**2 - 16078*g - 16080. Give b(-1).
-1
Let x(l) = 6419*l - 211797. Determine x(33).
30
Let v(g) = -g**3 - 10*g**2 - 532*g - 4731. Determine v(-9).
-24
Let u(t) = -3*t**2 - 24661*t + 123380. Determine u(5).
0
Let u(k) = 2220*k**2 + 1043401*k + 458. Give u(-470).
-12
Let g(y) = 9*y**2 + 6436*y + 51520. Give g(-8).
608
Let z(n) = -3*n**3 + 96*n**2 - 149*n + 158. Calculate z(30).
1088
Let x(c) = -10*c**3 + 14*c**2 - 29*c + 22. Give x(4).
-510
Let d(x) = -x**3 + 149*x**2 - 3654*x - 127. What is d(31)?
-3
Let n(o) = -o**3 + 93*o**2 + 487*o - 53385. Calculate n(92).
-117
Let t(c) = 6*c**2 + 28020*c - 168269. Calculate t(6).
67
Let s(v) = 23*v**2 + 1792*v - 3572. Calculate s(2).
104
Let g(i) = 1138*i**2 + 6834*i + 1. Give g(-6).
-35
Let m(t) = 11*t**2 - 47089*t + 282133. Determine m(6).
-5
Let b(v) = -4*v**2 + 18499*v + 483709. Give b(-26).
31
Let n(g) = 731*g - 24402. Determine n(32).
-1010
Let a(b) = -1090*b - 39239. What is a(-36)?
1
Let a(p) = -6*p**3 - 917*p**2 + 1085*p + 1072. What is a(-154)?
-6
Let q(a) = 11*a**2 - 657*a + 4508. Determine q(7).
448
Let j(w) = -366*w + 11876. Give j(33).
-202
Let w(a) = -699*a - 11203. Determine w(-17).
680
Let v(j) = -3417*j + 43804. Determine v(12).
2800
Let f(j) = 3*j**3 - 15*j**2 + 3082*j - 9185. Determine f(3).
7
Let n(i) = -19*i**3 + 2488*i**2 + 223*i - 12058. Determine n(131).
-6
Let l(d) = -5*d - 209. Give l(57).
-494
Let n(k) = k**3 - 133*k**2 - 3925*k - 3946. What is n(158)?
4
Let f(n) = -4*n**2 - 823*n + 16287. What is f(-221)?
2806
Let m(y) = -3*y**3 - 83*y**2 - 296*y + 71. Calculate m(-23).
-527
Let b(c) = -c**2 - 1333*c - 71533. What is b(-56)?
-21
Let n(u) = 9*u**3 - 95*u**2 - 31*u + 51. What is n(10)?
-759
Let d(f) = -4669*f + 13902. What is d(3)?
-105
Let s(n) = -43*n**2 - 199*n - 382. Give s(-2).
-156
Let r(v) = -192*v - 13252. Determine r(-67).
-388
Let z(g) = 80*g**2 - 79*g - 141. Give z(-2).
337
Let v(u) = -u**2 - 799*u - 157946. What is v(-383)?
1382
Let z(g) = -1793*g - 304860. Determine z(-170).
-50
Let z(r) = -4*r**2 + 864*r - 11134. Deter